4. Let b be (-87 - -84)*5/(-3). Give q(b).
84
Suppose 168 = -6*z + 1422. Let o = -201 + z. Let p(l) = -l**3 + 8*l**2 + l - 8. What is p(o)?
0
Let p(h) be the third derivative of -h**6/120 + 2*h**5/15 - h**4/6 - h**3 + 3*h**2 + 213. What is p(4)?
42
Let y(i) = -3*i**2 - 27*i - 7. Let l = 4540 - 4548. Determine y(l).
17
Let g(k) = -k - 4. Let l = 547 - 565. Let s be (l/10)/((-60)/(-200)). Calculate g(s).
2
Let w(k) = 6*k - 47. Let v(o) = -14*o + 103. Let j(y) = -4*v(y) - 9*w(y). Determine j(17).
45
Let f(s) be the first derivative of s**2 + 1 - 4*s - 4/3*s**3 + 1/4*s**4. Let l(a) = a**3 - 61*a**2 + 246*a - 1023. Let n be l(57). Give f(n).
-7
Let u(a) be the third derivative of -a**4/24 + a**3/6 + 136*a**2. Let k = -3 - -4. Let c = k - -2. Determine u(c).
-2
Let g(h) = h**2 - 2. Let p(b) be the first derivative of -5*b**3/3 - 27*b**2/2 - 26*b + 249. Let d be p(-1). Calculate g(d).
14
Let w(l) = -4*l**2 - 3*l - 6. Suppose -2*y = -15*y + 338. Let i(a) = 63*a**2 - 34*a**2 - y*a**2 + 5 + 2*a. Let p(r) = 5*i(r) + 4*w(r). Calculate p(-2).
1
Let s = -206 + 242. Let v(i) = -9*i - 3*i - 15*i + s*i. Calculate v(-2).
-18
Let j(o) = o + 1. Let m(y) = 4*y + 4. Let t(g) = 5*j(g) - m(g). Suppose 12*b + 7 - 10 = 45. Calculate t(b).
5
Let h = 3 + 225. Let y = 226 - h. Let m(g) = g**3 + 5*g**2 + 6*g + 2. Calculate m(y).
2
Let l(v) = 12 + 1184*v**2 - 3*v - 1183*v**2 - 10*v + 33. Give l(7).
3
Let o(i) = -7*i**3 - i**2 - i - 3. Let j(f) = 6*f**3 + 17*f**2 + 17*f + 13. Let l(y) = j(y) + o(y). Give l(17).
-7
Suppose -3*x + u = -18, 5*u = x - 8 - 12. Suppose -108 + 198 = -6*j + 102. Let p(l) = l - 3*l + j - 1 + x*l. Determine p(-2).
-5
Let g(j) = 2*j**3 + 16*j**2 + 12*j + 4. Let k be ((-21)/(-12))/((-2)/4*(-77)/(-154)). What is g(k)?
18
Let h(c) = 10*c - 17 - 329*c**2 + 19 + 324*c**2 - c**3. Give h(-6).
-22
Let o be -5 - 35/(-7 + 2). Let g be 2 - (-2)/o*(-8 - -9). Let s(p) = -p**3 + 3*p**2 + p - 6. What is s(g)?
-3
Let w = 46 + -17. Suppose 27*r - 6 = w*r. Let o be (0 - 4)/(r/3). Let q(b) = 4*b + 4. What is q(o)?
20
Let c(o) = -o**3 + 2*o**2 + 2*o - 3. Let b be c(2). Suppose -478 + 4 = -2*q. Let z(i) = -q + 237 - 15*i. Determine z(b).
-15
Let k(w) be the first derivative of -w**4/8 + 7*w**3/3 - 15*w**2 + 98. Let x(n) be the second derivative of k(n). Determine x(6).
-4
Let w(i) be the third derivative of -i**5/30 - i**4/8 - i**3 - 9*i**2 + 13*i. Let y be ((35/(-15))/(-7))/((-2)/24). What is w(y)?
-26
Let u(j) = j - 1. Suppose -3*i + 5*i = -2. Let f(p) = -p**3 - 9*p**2 + 5*p - 9. Let v(x) = i*f(x) + 5*u(x). Let m = -575 + 566. Give v(m).
4
Suppose -7*j - 38 = 88. Let n be (j/4)/((-6)/8). Let f(g) = 25*g**2 + 4*g + 3 - 29*g**2 + g**3 - n. What is f(3)?
0
Let o(x) = 7*x - 16. Let u be ((-561)/357)/((-1)/7). What is o(u)?
61
Let b(a) = -3*a + 626. Let q(m) = 19*m - 3126. Let j(x) = -31*b(x) - 6*q(x). What is j(-31)?
1
Let q(t) = -42*t - t**3 - 27*t + 3 - 39*t + 7*t**2 - 6 + 103*t. Determine q(5).
22
Suppose 0 = -9*h + 8*h + 14*h - 221. Let w(q) = 4*q + 31. Calculate w(h).
99
Let q be (0 + 3)*(0 - -1). Let j(a) = 12*a**3 + 15*a**2 + 2*a + 53. Let f(v) = 19*v**3 + 24*v**2 + 4*v + 84. Let p(m) = 5*f(m) - 8*j(m). Calculate p(q).
-19
Suppose -3*m = -5*i + 57, -5*i + 3*i + 3*m = -30. Suppose 11*g - i*g = -4. Let f(y) = y**2 - 3*y - 1. Give f(g).
9
Let r(p) = -p + 5. Let g(u) = u**2 - 23*u. Let t be g(23). Suppose t = y + 11 - 8. Let v = 3 + y. Calculate r(v).
5
Let u(t) = 4*t**2 - 20*t - 27. Suppose 42*c + 203 = 119*c - 48*c. Calculate u(c).
29
Suppose -310 + 300 = 5*t. Let r(f) = f + 11. Let g(b) = 2*b + 8. Let n(d) = t*r(d) + 3*g(d). Give n(-1).
-2
Suppose w - 3 + 4 = q, w - 5 = -q. Let n(j) be the third derivative of j**4/6 + j**3/2 + 105*j**2. Calculate n(q).
15
Let j = 201 + -199. Let y(u) = 10*u**j - 177 + 176 - u + 14*u**2. Give y(-1).
24
Let p(j) = -3*j**3 + 8*j**2 + j + 3. Let b be 2*3/(-1 + -2). Let g(z) = 4*z**3 - 9*z**2 - 2*z - 3. Let l(k) = b*g(k) - 3*p(k). Calculate l(5).
-23
Let r(v) = v**2 - v - 4819. Let s be r(-69). Let p(y) = -6*y + 83. Determine p(s).
17
Let k(m) be the second derivative of m**6/720 - m**5/15 - m**4/4 - m. Let h(y) be the third derivative of k(y). Let x be (-23)/(276/48) - -17. Give h(x).
5
Let u(b) = -3*b**2 + 27*b - 17. Suppose 63*w - 59*w = -5*h + 3, 0 = -4*w + 4*h + 48. Calculate u(w).
25
Let c(r) = -r + 38. Suppose -15*j = 55*j - 2510 + 620. What is c(j)?
11
Let i(h) be the first derivative of -h**4/4 - 8*h**3/3 - 2*h**2 + 7*h + 2501. Determine i(-8).
39
Let n(b) = -4*b**3 - 58*b**2 - 98*b - 22. Let o(i) = 3*i**3 + 43*i**2 + 72*i + 16. Let j(m) = 8*n(m) + 11*o(m). Give j(-6).
60
Let a(w) be the second derivative of w**5/20 + 11*w**4/6 - 10*w**3/3 + 75*w**2/2 + 3*w + 100. Determine a(-23).
6
Let d be ((-562)/(-843))/(6/(-27)). Let o(v) = 5*v**2 + 5*v + 4. Calculate o(d).
34
Let d(a) be the first derivative of -a**3/3 - 3*a**2/2 + a + 1. Suppose 5*v + 11 = 21, -v = 3*f - 611. Let b = -208 + f. What is d(b)?
-9
Let y(o) be the third derivative of o**7/2520 + o**6/60 + o**5/8 + 9*o**4/2 - 33*o**2. Let z(f) be the second derivative of y(f). Give z(-10).
-5
Let w = -1679 + 1682. Let b(f) be the first derivative of 9 - 1/2*f**2 + f**w + 0*f. Calculate b(2).
10
Let l(k) = -253701 - 9*k**2 + k**2 + 253709 - k**3 - 8*k + 4*k. Determine l(-8).
40
Let c(b) = -b - 3. Suppose -19*u - 1407 + 457 = 0. Let l be -2 + u/4*(-32)/80. Give c(l).
-6
Let s be ((-13)/(-26))/((-2)/(-12)). Let w(f) = s*f**2 + 7*f**3 + 2*f**3 + 4 - 8*f**3 + 3*f. Let r be w(-2). Let i(z) = -z**2 + 3*z - 2. Give i(r).
0
Let r(l) be the first derivative of -2*l**3 + 206 + l + 1/2*l**2. Let g be (-1 - 1)*1/2. Give r(g).
-6
Let l(c) = 2*c**3 - 3*c**2 + 2*c - 2. Suppose -13*v + 78 = -13. Suppose -74 = -v*z - 53. Calculate l(z).
31
Let k(w) = 2*w**3 - 2*w**2 - 2*w. Let x be k(-1). Let f be x/(-6) - (336/9 - 3). Let g = f - -31. Let j(i) = i**3 + 2*i**2 - 4*i - 1. Give j(g).
2
Suppose -102*f = -103*f + 483. Let m(y) = 968 - 2*y - 485 - f. Give m(1).
-2
Let n(y) = -2*y**3 - y. Let p(s) = 7*s**3 + 5*s**2 + 2*s - 3. Let k(t) = -4*n(t) - p(t). Let h(f) = 5*f**2 + 110*f + 5. Let m be h(-22). Determine k(m).
13
Suppose -973 = -5*u - 913. Let w be ((-6)/5)/((-6)/40). Let v(c) = -w*c - 3*c - 2*c**2 + u*c. Give v(1).
-1
Let v(w) be the first derivative of -1/6*w**4 - 4/3*w**3 + 0*w**2 - 17 + 1/20*w**5 + 0*w. Let r(q) be the third derivative of v(q). What is r(3)?
14
Let n(u) = -u**3 + 2*u**2 - 2*u - 1. Let j = -22 + 39. Let f = j - 9. Let c = f + -6. Determine n(c).
-5
Let j(y) = 20*y + 10. Let d be j(0). Let l = 13 - d. Let a(n) = -n**2 + 3*n - 3. Give a(l).
-3
Let g(n) be the third derivative of 20*n**2 + 1/12*n**4 + 0*n - 1/60*n**5 - 1/6*n**3 + 0. Let j(w) be the first derivative of g(w). Give j(3).
-4
Suppose 28*o - 418 = -44 + 102. Let p(n) = -n**3 + 17*n**2 + 3*n - 34. Determine p(o).
17
Let k(w) = -7*w + 4. Let d(j) = j**2 - 108*j + 895. Let z be d(9). Give k(z).
-24
Let d(k) = -2*k**2 - 44*k - 41. Let o be d(-21). Let l(a) = o + 9*a - 105*a**2 - 4*a**3 + 112*a**2 + 5*a**3. Give l(-6).
-17
Let s(g) = -g**3 - 89*g**2 + 183*g + 84. Let w be s(-91). Let b(n) = 3*n**2 + 18*n - 24. Give b(w).
-3
Let x = 9 - 10. Let z be (0 - (-12)/(-4))*x. Let d(k) be the first derivative of k**4/4 - k**3 - k**2/2 + k + 1. What is d(z)?
-2
Let c = 260 + -256. Let f(q) = 5*q**2 + 1 - c*q**2 + 8 - 6 + 4*q. What is f(-5)?
8
Let r(l) = -3952*l**3 + 1967*l**3 + 1988*l**3 + 16*l**2 + 2 + 5*l. Determine r(-5).
2
Let f(s) be the first derivative of s**4/12 + 4*s**3 + 113*s**2 - 83. Let m(v) be the second derivative of f(v). Give m(-7).
10
Let n(w) = -3*w**2 - 2*w - 4. Let m(b) = -b**2 + 2*b + 90. Let u be m(11). Let c(z) = -13*z**2 - 9*z - 17. Let h(o) = u*n(o) + 2*c(o). Determine h(0).
2
Let a(i) = -9*i**2 + 15*i + 4. Let c = 3 - 6. Let m(u) = 4*u**2 - 7*u - 2. Let k(j) = c*a(j) - 7*m(j). Suppose -43*q - 30 = -288. Determine k(q).
-10
Let j(p) = -2 - 19*p + 10*p + 21*p + 184 + 63. Calculate j(-20).
5
Let p(y) = 2*y**2 - y - 1. Let j(u) = 2*u - u**2 - 12 + 12*u**2 - 4*u + 3. Let w(q) = j(q) - 5*p(q). Give w(2).
6
Let a = -7 + 9. Let i(s) = -s**3 + 9*s**2 + 38*s + 6. Let u(n) = n**3 - 8*n**2 - 34*n - 5. Let f(m) = 8*i(m) + 9*u(m). Calculate f(a).
7
Let z(i) = 2*i + 27. Let u = 8338 + -8353. Determine z(u).
-3
Let w(r)